10) - 0)/(((-888)/(-1500))/(-37)). Calculate the highest common factor of 370 and z.
10
Let x be 1920/192 - -51*41. Calculate the greatest common factor of 1 and x.
1
Suppose 189*a - 322*a = -169*a + 1044. Let w be (-6)/15 + 2757/5. What is the highest common divisor of w and a?
29
Let b = 17 - 9. Let h(q) = q**3 + 142*q**2 + 196*q + 7763. Let t be h(-141). Calculate the highest common divisor of b and t.
8
Let m be (8/(-12))/(4/(-18)). Suppose -g + 21 = -0*r + 2*r, -m*g + 61 = 4*r. Let t be -3 + 10944/63 + 8/28. Calculate the greatest common factor of t and g.
19
Let b be -1147*(-14)/434 + 1*11. Suppose -448 = 3*d - 7*d. Calculate the highest common factor of d and b.
16
Suppose -112 = -6*d + 2*d. Suppose -11*u + 38 = -d. Calculate the highest common divisor of 132 and u.
6
Suppose 0 = 3*s + 16*s - 893. Suppose -8*g + 503 = s. What is the highest common divisor of 399 and g?
57
Let g = -12099 - -12681. Calculate the greatest common factor of g and 72.
6
Let f be (-2)/5 + (-18)/135*-33. Suppose -f*t + 3*t + 4*y + 328 = 0, -10 = -5*y. What is the highest common factor of t and 96?
48
Let t(d) = 4*d**2 + 97*d + 68. Let f be t(-24). What is the highest common factor of f and 2035?
11
Suppose 2*f - 3146 = 2*c, 4*c - 18836 = -12*f + 6*c. Calculate the highest common factor of 9 and f.
3
Suppose k = -g + 7518, 1172*k - 1168*k = g + 30082. What is the highest common divisor of k and 480?
160
Let u = -9086 - -9510. What is the greatest common factor of 60 and u?
4
Suppose -82*f - 73*f = -1306 - 4894. What is the highest common factor of f and 9640?
40
Let h(c) = 48*c**2 + 4265*c - 263. Let u be h(-89). Suppose -v + 89 = i, -37 = -v + i + 54. What is the highest common factor of u and v?
90
Let v = -483 - -484. Let k be (-5)/(25/(-1685)) - (2 - v). Calculate the highest common factor of k and 56.
56
Suppose -8581 = -5*u + 5999. Calculate the greatest common divisor of 36 and u.
36
Suppose 3*v - 82 - 100 = -4*v. Calculate the highest common divisor of v and 2314.
26
Let m(u) = -2*u - 296. Let i(g) = g + 100. Let r(c) = 7*i(c) + 2*m(c). Let w be r(9). What is the greatest common divisor of w and 105?
15
Suppose -6*f = -69 + 45. Suppose f*w = 3*v + 1, 3*w - v - 2 = v. Suppose -80 = 3*x - w*x. What is the greatest common factor of x and 10?
10
Let a = 6634 - 6370. Calculate the highest common divisor of 28776 and a.
264
Let c(o) = 11*o - 39. Let k be c(3). Let i be k + 30/6 - -573. What is the greatest common factor of 52 and i?
52
Let v(q) = 2*q**2 - 3*q - 5. Let t be v(5). Let b(u) = -5*u + 90. Let p be b(19). Let w be -2 + 8 + 11 + p. Calculate the highest common divisor of w and t.
6
Let g(f) = 14*f. Let c be g(2). Suppose -3*d - c = -7*d. Suppose 97*u - 17*u - 9 - 71 = 0. What is the greatest common factor of u and d?
1
Let y = 8810 - 8698. Calculate the highest common divisor of 1596 and y.
28
Suppose -49*c + 51*c = -82. Let p = c - -46. Suppose 3*l - p*x = 158, 5*x - 12 + 2 = 0. What is the greatest common factor of l and 14?
14
Let k(x) = -6*x + 1. Let w be k(2). Let o(p) = -p**2 - 10*p - 21. Let a be o(w). Let z be a*2*(-4)/4. What is the highest common divisor of 24 and z?
8
Let i = 334 - -44. Suppose a - i = -2*a. Let p = 196188 + -196160. Calculate the greatest common divisor of a and p.
14
Let g(a) be the third derivative of a**6/120 - 13*a**5/60 + 4*a**4/3 + a**3/3 + 54*a**2. Let w be g(11). Calculate the greatest common factor of w and 7.
7
Let t be -2 + (-12)/5*10/3. Let p be 198/(-4) - (4 + 35/t). Let z be 3 - ((3/(-1) - -2) + p). Calculate the highest common factor of z and 6.
6
Suppose 2*r + 118 = 108. Let m be (16/r)/(12/(-450)). Let u be 4/(-2) - (-53 + 3). Calculate the highest common divisor of m and u.
24
Suppose -4*g - 69 = -5*y + 10*y, 2*y - g = -25. Let u be (y/((-351)/(-18)))/(2/(-51)). What is the greatest common divisor of u and 289?
17
Let i(j) = 17*j**2 + 4*j - 15. Let g be i(3). Suppose -54*t + 49*t + 2*a = -278, -3*t = 3*a - g. Calculate the greatest common divisor of 12 and t.
6
Let s(a) = -47*a - 173. Let y be s(-7). Suppose -3*b = 2*b + 5. Let p be (b/(-2))/((-2)/(-48)). What is the highest common divisor of y and p?
12
Let s be (4 - 14)*782/(-4). Calculate the highest common factor of s and 5.
5
Let l = 11173 + -11131. What is the highest common divisor of 306 and l?
6
Suppose -71*u + 13*u = 6*u - 896. What is the greatest common factor of u and 63?
7
Let f(c) = c**3 + 4*c**2 - 4*c - 17. Let d be f(8). Suppose 4*a + z = d, -2*a + z + 333 = -28. What is the greatest common divisor of a and 40?
20
Suppose -c + 5249 = -2*h + 1340, h + 19509 = 5*c. What is the highest common factor of c and 47?
47
Let z be 4*9/4*1. Suppose 4*w + 8 = -2*d - 30, d + 5*w = -34. Let b(v) = -v**2 - 18*v - 9. Let s be b(d). What is the highest common divisor of s and z?
9
Let z(u) = -37*u**2 - 251*u - 12. Let q be z(-5). Calculate the highest common divisor of 2014 and q.
106
Let h = -96 - -81. Let b be (10 + 2500/h)/(1/(-6)). Calculate the highest common divisor of 20 and b.
20
Suppose -40 = 4*f - 172. Let v = -144 - -147. Suppose -34 = v*t - 133. Calculate the greatest common divisor of t and f.
33
Let h = -583 + 240. Let s = 351 + h. What is the greatest common divisor of s and 136?
8
Let t be (-29 - -31)/(605/(-77) + 8). Suppose 2*u = 6, 3*f = -4*u - 164 + 1142. Calculate the greatest common factor of t and f.
14
Let a = -290 - 176. Let i = -241 - a. Calculate the greatest common divisor of i and 90.
45
Let u = -121 - -205. Let a = -57 + u. Suppose 0 = -6*r + 9*r - a. Calculate the greatest common factor of 3 and r.
3
Let t be 1*(-3)/(-3 - 0) + 18. Let b(c) = -c**3 + 18*c**2 + 15*c + 80. Let x be b(t). What is the highest common divisor of x and 5?
1
Let h(o) = 4529*o**3 + 32*o - 4530*o**3 - 3*o + 10*o**2 - 19. Let a be h(12). What is the greatest common divisor of a and 41?
41
Let c be (-2 + (-7)/(-3))/(2/(-942)). Let p = c + 192. Calculate the highest common divisor of p and 7.
7
Suppose -4*h = 3*i - 323, 2*h - 5*i = 5*h - 256. Suppose -11*p + 4 = -9*p, 3*q + p = h. What is the greatest common divisor of q and 100?
25
Suppose 10*z - 15*z - 3*c = -66, -4 = -2*c. Let b be -15*(-16)/z - 5. What is the highest common factor of b and 75?
15
Let a = -6376 + 6919. What is the greatest common divisor of 12 and a?
3
Suppose 158*k - 7265 - 477 = 0. Calculate the highest common divisor of k and 23177.
49
Let r be (-8)/44 - 1652/(-11). Suppose -r = 4*f - 14*f. Suppose n - f = -0*o - o, 2*n = 4. What is the highest common factor of o and 104?
13
Suppose -10*c + 33 = -297. Let d be 1*(c/4)/(9/12). Let q(n) = n**3 - n**2 + 209. Let k be q(0). Calculate the highest common divisor of d and k.
11
Suppose -268 = -3*t - y, 168*y + 444 = 5*t + 169*y. Calculate the highest common factor of 64 and t.
8
Suppose -2*k - 8 - 4 = -5*o, 3*k - 28 = -4*o. Suppose k*h - a - 222 = 0, -2*h = 5*a - 14 - 86. Calculate the highest common divisor of h and 55.
55
Suppose -110*m = 38*m - 7104. Let t = -16 + 23. Suppose 3*r + 48 = t*r. What is the greatest common divisor of m and r?
12
Let m(y) = -y + y**2 + 63*y**3 + 0*y**2 - 811 + 812. Let v be m(1). Let p(o) = o. Let t be p(8). Calculate the greatest common factor of t and v.
8
Let k be 2*(-234)/(6/(-36)*8). What is the greatest common divisor of 1638 and k?
117
Let q = 2597 + -2337. Calculate the highest common factor of 845 and q.
65
Suppose 165 = 2*p + 115. What is the greatest common factor of 305 and p?
5
Let r = -2270 + 2445. Calculate the highest common factor of r and 325.
25
Suppose -12*i + 9*i = 2064. Let m be ((-24)/10)/((-2)/(-10)). Let b be i/m - (-16)/(-12). What is the highest common divisor of 84 and b?
28
Suppose 0 = h - 5*h + 48. Let v be ((-135)/(-33))/((-1038)/(-3806)). What is the highest common factor of v and h?
3
Let v(p) be the third derivative of p**6/120 + 23*p**5/60 + 7*p**4/8 - 10*p**3/3 - 5*p**2. Let o be v(-22). What is the greatest common divisor of o and 18?
2
Let k(y) = -100*y - 1000. Let n be k(-18). Calculate the greatest common factor of n and 8.
8
Suppose -28*z - 85 + 407 = 18*z. What is the greatest common divisor of 1827 and z?
7
Let s(t) = 256*t + 4710. Let k be s(11). Calculate the highest common factor of 106 and k.
106
Let p be (6980/(-25))/(38/(-95)). Calculate the highest comm